{"id":376,"date":"2012-10-11T16:32:59","date_gmt":"2012-10-11T14:32:59","guid":{"rendered":"http:\/\/www.maxxit-consulting.ch\/?page_id=376"},"modified":"2017-03-29T18:59:45","modified_gmt":"2017-03-29T16:59:45","slug":"maxxit","status":"publish","type":"page","link":"https:\/\/consulting.maxxit.org\/?page_id=376","title":{"rendered":"maxxIT"},"content":{"rendered":"<h5><span style=\"color: #888888;\"><a title=\"Trading\" href=\"https:\/\/consulting.maxxit.org\/?page_id=38\"><span style=\"color: #888888;\">Trading<\/span><\/a> &#8211; <a title=\"Handelssysteme\" href=\"https:\/\/consulting.maxxit.org\/?page_id=40\"><span style=\"color: #888888;\">Handelssysteme<\/span><\/a> &#8211; <span style=\"color: #808080;\"><a title=\"Market Timing\" href=\"https:\/\/consulting.maxxit.org\/?page_id=42\"><span style=\"color: #808080;\">Market Timing<\/span><\/a><\/span> &#8211; <a title=\"Consulting\" href=\"https:\/\/consulting.maxxit.org\/?page_id=44\"><span style=\"color: #888888;\">Consulting<\/span><\/a> &#8211; <a title=\"Signals\" href=\"https:\/\/consulting.maxxit.org\/?page_id=470\"><span style=\"color: #888888;\">Signals<\/span><\/a><\/span><\/h5>\n<h5><\/h5>\n<p>&nbsp;<\/p>\n<h3><em>IT- und Business Consulting &#8230;<\/em><\/h3>\n<p>Wir f\u00fchren seit \u00fcber 20 Jahren IT Consulting und Projekte f\u00fcr Banken und Finanzdienstleister durch. Hier liegt unsere Expertise insbesondere in folgenden Bereichen:<\/p>\n<ul>\n<li>Schnittstellen Entwicklung und Wartung zu externen und internen Datenprovidern wie Fund Administration, Market Data, Swift Network usw.<\/li>\n<li>ETL und BI Entwicklung und Wartung von Datawarehouse und Reporting Anwendungen.<\/li>\n<li>Oracle und Informatica Powercenter Wartung und Entwicklung.<\/li>\n<li>Datenbank Entwicklung und Tuning.<\/li>\n<li>Projekt und Programmleitung f\u00fcr IT Projekte.<\/li>\n<\/ul>\n<p>Unsere Kunden in diesem Bereich sind Consulting Firmen, Investor Services\u00a0und internationale Grossbanken ebenso wie mittelst\u00e4ndische Finanzdienstleister.<\/p>\n<p><a href=\"https:\/\/consulting.maxxit.org\/wp-content\/uploads\/CS-Logo.jpg\"><img loading=\"lazy\" decoding=\"async\" class=\"alignnone wp-image-381 size-full\" title=\"CS-Logo\" src=\"https:\/\/consulting.maxxit.org\/wp-content\/uploads\/CS-Logo.jpg\" width=\"183\" height=\"55\" \/><\/a>\u00a0\u00a0\u00a0\u00a0\u00a0\u00a0\u00a0\u00a0\u00a0\u00a0\u00a0\u00a0\u00a0\u00a0\u00a0\u00a0\u00a0\u00a0\u00a0\u00a0\u00a0\u00a0\u00a0\u00a0\u00a0\u00a0\u00a0\u00a0\u00a0\u00a0\u00a0\u00a0\u00a0\u00a0\u00a0\u00a0\u00a0\u00a0\u00a0\u00a0\u00a0<a href=\"https:\/\/consulting.maxxit.org\/?attachment_id=382\"><img loading=\"lazy\" decoding=\"async\" class=\"alignnone wp-image-382 size-thumbnail\" title=\"CL-Logo\" src=\"https:\/\/consulting.maxxit.org\/wp-content\/uploads\/CL-Logo-150x96.jpg\" width=\"150\" height=\"96\" \/><\/a><\/p>\n<p><a href=\"https:\/\/consulting.maxxit.org\/wp-content\/uploads\/PFS.jpg\"><img loading=\"lazy\" decoding=\"async\" class=\"alignnone wp-image-392 size-full\" title=\"PFS\" src=\"https:\/\/consulting.maxxit.org\/wp-content\/uploads\/PFS.jpg\" width=\"307\" height=\"68\" srcset=\"https:\/\/consulting.maxxit.org\/wp-content\/uploads\/PFS.jpg 307w, https:\/\/consulting.maxxit.org\/wp-content\/uploads\/PFS-300x66.jpg 300w, https:\/\/consulting.maxxit.org\/wp-content\/uploads\/PFS-250x55.jpg 250w\" sizes=\"(max-width: 307px) 100vw, 307px\" \/><\/a>\u00a0\u00a0\u00a0\u00a0\u00a0\u00a0\u00a0\u00a0\u00a0\u00a0\u00a0\u00a0\u00a0\u00a0\u00a0\u00a0\u00a0\u00a0\u00a0\u00a0\u00a0\u00a0\u00a0\u00a0\u00a0\u00a0\u00a0 <a href=\"https:\/\/consulting.maxxit.org\/wp-content\/uploads\/CharlesRiver-Logo.jpg\"><img loading=\"lazy\" decoding=\"async\" class=\"alignnone wp-image-393 size-full\" title=\"CharlesRiver-Logo\" src=\"https:\/\/consulting.maxxit.org\/wp-content\/uploads\/CharlesRiver-Logo.jpg\" width=\"101\" height=\"102\" \/><\/a><\/p>\n<p><a href=\"https:\/\/consulting.maxxit.org\/wp-content\/uploads\/EFA-Lux.jpg\"><img loading=\"lazy\" decoding=\"async\" class=\"alignnone wp-image-400 size-full\" title=\"EFA-Lux\" src=\"https:\/\/consulting.maxxit.org\/wp-content\/uploads\/EFA-Lux.jpg\" width=\"127\" height=\"152\" srcset=\"https:\/\/consulting.maxxit.org\/wp-content\/uploads\/EFA-Lux.jpg 127w, https:\/\/consulting.maxxit.org\/wp-content\/uploads\/EFA-Lux-125x150.jpg 125w\" sizes=\"(max-width: 127px) 100vw, 127px\" \/><\/a>\u00a0\u00a0\u00a0\u00a0\u00a0\u00a0\u00a0\u00a0\u00a0\u00a0\u00a0\u00a0\u00a0\u00a0\u00a0\u00a0\u00a0\u00a0\u00a0\u00a0\u00a0\u00a0\u00a0\u00a0\u00a0\u00a0\u00a0\u00a0\u00a0\u00a0\u00a0\u00a0\u00a0\u00a0\u00a0 <a href=\"https:\/\/consulting.maxxit.org\/wp-content\/uploads\/RBC-Dexia.jpg\"><img loading=\"lazy\" decoding=\"async\" class=\"alignnone wp-image-401 size-full\" title=\"RBC-Dexia\" src=\"https:\/\/consulting.maxxit.org\/wp-content\/uploads\/RBC-Dexia.jpg\" width=\"254\" height=\"71\" srcset=\"https:\/\/consulting.maxxit.org\/wp-content\/uploads\/RBC-Dexia.jpg 254w, https:\/\/consulting.maxxit.org\/wp-content\/uploads\/RBC-Dexia-250x69.jpg 250w\" sizes=\"(max-width: 254px) 100vw, 254px\" \/><\/a><\/p>\n<p><a href=\"https:\/\/consulting.maxxit.org\/wp-content\/uploads\/BMW-Zeichen.jpg\"><img loading=\"lazy\" decoding=\"async\" class=\"alignnone wp-image-383 size-full\" title=\"BMW-Zeichen\" src=\"https:\/\/consulting.maxxit.org\/wp-content\/uploads\/BMW-Zeichen.jpg\" width=\"119\" height=\"116\" \/><\/a><\/p>\n<p><a href=\"https:\/\/consulting.maxxit.org\/wp-content\/uploads\/BMW-FS-Logo.jpg\"><img loading=\"lazy\" decoding=\"async\" class=\"alignnone wp-image-384 size-full\" title=\"BMW-FS-Logo\" src=\"https:\/\/consulting.maxxit.org\/wp-content\/uploads\/BMW-FS-Logo.jpg\" width=\"481\" height=\"75\" srcset=\"https:\/\/consulting.maxxit.org\/wp-content\/uploads\/BMW-FS-Logo.jpg 481w, https:\/\/consulting.maxxit.org\/wp-content\/uploads\/BMW-FS-Logo-300x46.jpg 300w, https:\/\/consulting.maxxit.org\/wp-content\/uploads\/BMW-FS-Logo-250x38.jpg 250w\" sizes=\"(max-width: 481px) 100vw, 481px\" \/><\/a><\/p>\n<p><a href=\"https:\/\/consulting.maxxit.org\/wp-content\/uploads\/msgGillardon-Logo.jpg\"><img loading=\"lazy\" decoding=\"async\" class=\"alignnone wp-image-385 size-full\" title=\"msgGillardon-Logo\" src=\"https:\/\/consulting.maxxit.org\/wp-content\/uploads\/msgGillardon-Logo.jpg\" width=\"215\" height=\"58\" \/><\/a><\/p>\n<p><a href=\"https:\/\/consulting.maxxit.org\/wp-content\/uploads\/msgSystems-Logo.jpg\"><img loading=\"lazy\" decoding=\"async\" class=\"alignnone wp-image-386 size-full\" title=\"msgSystems-Logo\" src=\"https:\/\/consulting.maxxit.org\/wp-content\/uploads\/msgSystems-Logo.jpg\" width=\"439\" height=\"77\" srcset=\"https:\/\/consulting.maxxit.org\/wp-content\/uploads\/msgSystems-Logo.jpg 439w, https:\/\/consulting.maxxit.org\/wp-content\/uploads\/msgSystems-Logo-300x52.jpg 300w, https:\/\/consulting.maxxit.org\/wp-content\/uploads\/msgSystems-Logo-250x43.jpg 250w\" sizes=\"(max-width: 439px) 100vw, 439px\" \/><\/a><\/p>\n","protected":false},"excerpt":{"rendered":"<p>Trading &#8211; Handelssysteme &#8211; Market Timing &#8211; Consulting &#8211; Signals &nbsp; IT- und Business Consulting &#8230; Wir f\u00fchren seit \u00fcber 20 Jahren IT Consulting und Projekte f\u00fcr Banken und Finanzdienstleister durch. Hier liegt unsere Expertise insbesondere in folgenden Bereichen: Schnittstellen <a class=\"more-link\" href=\"https:\/\/consulting.maxxit.org\/?page_id=376\">weiterlesen  <span class=\"screen-reader-text\">  maxxIT<\/span><span class=\"meta-nav\">&rarr;<\/span><\/a><\/p>\n","protected":false},"author":1,"featured_media":1803,"parent":1632,"menu_order":0,"comment_status":"closed","ping_status":"closed","template":"","meta":{"footnotes":""},"_links":{"self":[{"href":"https:\/\/consulting.maxxit.org\/index.php?rest_route=\/wp\/v2\/pages\/376"}],"collection":[{"href":"https:\/\/consulting.maxxit.org\/index.php?rest_route=\/wp\/v2\/pages"}],"about":[{"href":"https:\/\/consulting.maxxit.org\/index.php?rest_route=\/wp\/v2\/types\/page"}],"author":[{"embeddable":true,"href":"https:\/\/consulting.maxxit.org\/index.php?rest_route=\/wp\/v2\/users\/1"}],"replies":[{"embeddable":true,"href":"https:\/\/consulting.maxxit.org\/index.php?rest_route=%2Fwp%2Fv2%2Fcomments&post=376"}],"version-history":[{"count":42,"href":"https:\/\/consulting.maxxit.org\/index.php?rest_route=\/wp\/v2\/pages\/376\/revisions"}],"predecessor-version":[{"id":2204,"href":"https:\/\/consulting.maxxit.org\/index.php?rest_route=\/wp\/v2\/pages\/376\/revisions\/2204"}],"up":[{"embeddable":true,"href":"https:\/\/consulting.maxxit.org\/index.php?rest_route=\/wp\/v2\/pages\/1632"}],"wp:featuredmedia":[{"embeddable":true,"href":"https:\/\/consulting.maxxit.org\/index.php?rest_route=\/wp\/v2\/media\/1803"}],"wp:attachment":[{"href":"https:\/\/consulting.maxxit.org\/index.php?rest_route=%2Fwp%2Fv2%2Fmedia&parent=376"}],"curies":[{"name":"wp","href":"https:\/\/api.w.org\/{rel}","templated":true}]}}